et p = 2 - q. Suppose 68 = -p*n + 7*n. What is the highest common divisor of 17 and n?
17
Let o be (1 - 2) + (-3)/(-6)*-38. Let v = o - -40. Calculate the greatest common divisor of v and 10.
10
Let i be (22/4 + -4)*6. Let y be 21*(3 - 2)*-1. Let f be (-6)/y + 2260/28. Calculate the greatest common divisor of f and i.
9
Suppose 5 = 5*k + 15, 0 = -2*q - 2*k + 476. Let m = 534 + -510. Calculate the highest common factor of q and m.
24
Let z(d) = 15*d**2 - 12*d + 15. Let u be z(-6). Calculate the greatest common divisor of 66 and u.
33
Suppose 230 = 5*r - 90. Let d = r - 8. What is the highest common divisor of 14 and d?
14
Suppose -3*i - 4*l + 506 = -5*l, -4*l + 356 = 2*i. What is the highest common divisor of i and 51?
17
Let c(v) = 10*v + 7. Let q(u) = 9*u + 7. Let g(k) = 4*c(k) - 3*q(k). Let l be g(5). What is the highest common divisor of 8 and l?
8
Let a(h) = -h**3 - 15*h**2 - 29*h - 4. Let d be a(-13). What is the highest common divisor of 21 and d?
7
Suppose 21*o = 923 - 146. Calculate the highest common factor of 1184 and o.
37
Let d be 2*-11 + (-9 + -5)/7. Let v = 25 + d. What is the highest common factor of v and 5?
1
Let u = -49 - -87. Suppose -36*f - 56 = -u*f. Calculate the greatest common divisor of 14 and f.
14
Let b = 24 + -24. Suppose -3*d + 36 = l, 4*d = -b*l - 3*l + 123. What is the highest common divisor of l and 5?
5
Let n be 1*3/(-9)*3. Let v be ((-20)/16)/(n/28). What is the highest common divisor of 140 and v?
35
Let x = 10 - 5. Suppose -3*g + 4*o = -101, 2*o = -2*g - o + 73. Calculate the greatest common divisor of x and g.
5
Let c be ((-805)/1)/(75 + -76). Calculate the greatest common divisor of 70 and c.
35
Let m = -137 + 407. Suppose -y + 2*j - 4*j = -38, 3*j + 108 = 4*y. Calculate the highest common divisor of m and y.
30
Suppose 0 = -14*f + 16*f + 66. Let l = -15 - f. Let h = -5 + 11. What is the greatest common factor of h and l?
6
Suppose -10*k - 23 = -33*k. Suppose -1 = 2*q - 3*d + 2*d, -3*q = -5*d + 12. What is the greatest common factor of k and q?
1
Let v be (12/9)/((-3)/(-54)). Suppose -74 = 4*g - 122. Calculate the greatest common factor of v and g.
12
Suppose 3*a - a - 184 = g, g = 5*a - 457. Let v = -1741 - -1754. Calculate the greatest common factor of v and a.
13
Suppose -7*f = -f + 18. Let u be f + -73*(4 + -5). Calculate the highest common divisor of 14 and u.
14
Suppose -3*y = 3*y - 372. Calculate the greatest common factor of 93 and y.
31
Let u be (-1)/2 - 513/(-18). Let l = 32 - u. What is the greatest common factor of l and 16?
4
Suppose -3*d - 2115 = -4*c, 2637 = 5*c + 13*d - 10*d. What is the greatest common factor of 12 and c?
12
Let g = 209 + -79. What is the greatest common factor of g and 39?
13
Let n be (-4 + -1 + 1)*(-62)/31. Let b be (4 - 3) + 2 + -1. Suppose 84 = 5*i - 4*y, 4*i - 34 = b*i + 2*y. What is the greatest common factor of i and n?
8
Let m be -8*(-2)/8*3. Suppose -d = 8*d - 18. Suppose d*y + 20 = 68. Calculate the highest common factor of m and y.
6
Suppose -n - 2*l + 18 = 0, -2*n + 4*l + 0*l + 28 = 0. Suppose 2*o = -2*h + n, -h - 4*o = 4*h - 36. What is the highest common divisor of h and 52?
4
Suppose 4*o = 4*w + 60, 5*o - 93 + 18 = w. Let g = 42 - o. Calculate the highest common divisor of 108 and g.
27
Let b be (2 - 87/(-1)) + 1. Suppose -4*j = 5*d - 55, 18*j + 47 = 23*j - d. What is the greatest common factor of b and j?
10
Suppose -8*p + 2*p = -180. Let o be 36/(-1)*(-70)/p. Let x be -4*7*(-3)/4. Calculate the greatest common factor of x and o.
21
Let a(x) = x**2 + 4*x - 10. Let c be a(2). Calculate the greatest common factor of 22 and c.
2
Let x be 2*11/(99/90). Calculate the greatest common factor of 36 and x.
4
Let u be ((-252)/(0 - -4))/((-15)/10). What is the greatest common divisor of 18 and u?
6
Let l = 47 - 23. Let g(t) = t**3 + t**2 - 8*t - 4. Let b be g(-2). Calculate the greatest common divisor of b and l.
8
Let i(v) = 11 + 5 + 2*v - 15. Let j be i(1). Suppose -j - 3 = -2*t. Calculate the greatest common factor of 1 and t.
1
Let u(s) = 18*s - 10. Let h be u(9). Suppose -11*q + 361 = 8*q. Calculate the greatest common factor of h and q.
19
Let r(o) = 9*o - o**2 + 20 - 25 + o. Let s be r(4). What is the greatest common divisor of 19 and s?
19
Let m(a) be the second derivative of 7*a**3/2 + 5*a**2/2 + 7*a. Let n be m(5). Let z be (-1)/(-2) - 215/(-10). Calculate the highest common divisor of n and z.
22
Let g = -56 + 77. What is the highest common divisor of 42 and g?
21
Let r = 36 + -21. Let q = -24 + 18. Let d(m) = m**2 + 4*m - 2. Let p be d(q). What is the highest common factor of p and r?
5
Suppose -25*t + 27*t - 60 = 4*v, 2*t - 2*v = 56. What is the greatest common divisor of t and 65?
13
Let h be (-4)/10 - 3*1624/120. Let u = 5 - h. What is the highest common factor of 92 and u?
46
Let g be (-688)/(-28) + (36/(-42))/(-2). Calculate the highest common factor of 55 and g.
5
Suppose 0 = 24*y + 90 - 1194. Calculate the highest common factor of y and 92.
46
Suppose 4*m - 5*q = -0*q + 121, 2*m - 4*q = 56. Calculate the highest common factor of m and 272.
34
Let z be 33/((-5)/(390/(-6))). What is the greatest common divisor of 132 and z?
33
Let f(q) = q**3 + 5*q**2 + 4*q + 3. Let i be f(-3). Suppose -i*s = -131 - 67. What is the greatest common factor of 2 and s?
2
Suppose -10*i + i = -207. Let x be 24/(-14)*(-1771)/22. What is the highest common factor of i and x?
23
Let w(b) = 40*b - 135. Let h be w(6). Let a = 26 + 44. What is the greatest common factor of a and h?
35
Suppose 4*b - 3*h = -34 + 174, 0 = 2*b + 4*h - 92. Let r = -36 - -55. What is the greatest common divisor of r and b?
19
Let r = -57 - -304. Calculate the greatest common factor of r and 19.
19
Let m(k) = 9*k**2 + k - 450. Let l be m(-15). What is the highest common factor of 360 and l?
120
Suppose -46 = -2*l - 4. Suppose -6*x = -x - 125. Let f = x + 59. What is the highest common factor of f and l?
21
Suppose 0 = 2*b + b + 9, -d - 2*b = 4. Let o be 6/(35/(-18) + d). What is the highest common factor of o and 12?
12
Suppose -4*j - 71*i = -76*i - 394, 0 = 5*i + 10. Calculate the highest common factor of j and 84.
12
Let q(k) = 2*k**2 - 14*k. Let s be q(7). Let i be s - -4*(10 - 3). Calculate the greatest common divisor of 4 and i.
4
Let s(y) = 7*y + 11. Let v be s(7). Let d be 3/(3/36*3). What is the highest common divisor of d and v?
12
Suppose 5*s = -2*a - 21, 3*s + 6 + 0 = a. Let v be (a/6)/(2*(-4)/64). Calculate the greatest common factor of 4 and v.
4
Suppose 4*m - 24 = 4*c, -3*m = -2*c + 6*c - 53. Let p(a) = -9*a + 8. Let z be p(-4). Calculate the greatest common factor of m and z.
11
Suppose -i - 5*l = -2*i - 4, 4*i = -2*l + 28. Suppose 0 = k + i*k - 42. Calculate the highest common divisor of k and 15.
3
Let z(o) = 26*o**2 - 2*o + 6. Let g(t) = t**2 + 1. Let h(v) = -4*g(v) + z(v). Let a be h(1). Let p = 96 - 63. Calculate the highest common divisor of p and a.
11
Let z = 573 - 413. What is the greatest common factor of z and 96?
32
Suppose -10*x + 24 = -7*x. Let y be ((-363)/44)/((-2)/x). What is the greatest common factor of y and 55?
11
Suppose 909 - 773 = 8*u. Calculate the greatest common factor of u and 289.
17
Suppose -11*k + 10253 - 463 = 0. Calculate the greatest common divisor of 20 and k.
10
Suppose -10108 = 357*j - 385*j. Calculate the greatest common divisor of 171 and j.
19
Let h(n) = n**3 - 2*n**2 + 2*n. Let c be h(2). Suppose 3*i = -b + 44, i + 4 = -c*b - b. Let z = 14 + -10. Calculate the highest common factor of i and z.
4
Suppose 0 = 3*w + w - 20, 25 = 5*s - 4*w. Let x be (10/(-6))/((-3)/s). What is the greatest common factor of x and 45?
5
Let a be ((-4)/4)/1 - -3. Suppose 0*z + a*z - 20 = 0. What is the greatest common factor of 80 and z?
10
Let j be (-28)/((-24)/(-150)*-5). What is the greatest common divisor of 60 and j?
5
Suppose -361*x + 377*x = 96. What is the highest common factor of x and 348?
6
Let n(t) = -4*t**3 - 7*t**2 + 6*t + 6. Let l be n(-4). Calculate the highest common factor of l and 18.
18
Suppose 5*q + 0*q - 22 = 2*k, -3*k = 3. Suppose -g + 175 = q*g. Calculate the highest common divisor of 7 and g.
7
Let x be -10 + -5*(-656)/40. What is the greatest common divisor of x and 1272?
24
Suppose 3*b - 397 - 818 = 0. Suppose 315 = 150*q - 143*q. Calculat